 + o. List the prime factors of p.
2
Suppose 0 = 5*m - 8*m + 330. Suppose -83 = -5*j - 3*d, 4*j - m = 3*d - 22. What are the prime factors of j?
19
Let j = 171 + -84. What are the prime factors of j?
3, 29
Suppose -h + 90 = -2*x, 4*h - 5*x - 350 = -2*x. What are the prime factors of h?
2, 43
What are the prime factors of 19*(-4 - (-16)/2)?
2, 19
Suppose 0 = 2*r - r - 4*a - 32, -4*a + 40 = 2*r. Suppose -3*x + 9 - 54 = 0. Let p = x + r. What are the prime factors of p?
3
Suppose 0 = 11*a - 17*a + 1026. What are the prime factors of a?
3, 19
Suppose 2*v - 4 = 4*v. Let d = v - -4. What are the prime factors of d?
2
Let l(y) = -y + 145. Let c be l(0). Suppose 0 = -4*i - i - 5*r + c, 0 = -3*i + 4*r + 80. List the prime factors of i.
2, 7
Suppose 50 = j + 2*s - 18, 6 = 3*s. What are the prime factors of j?
2
Suppose -19*n = -22*n + 924. List the prime factors of n.
2, 7, 11
Suppose -w = 2*b - 113, 2*b - 6*b = 5*w - 559. What are the prime factors of w?
3, 37
Suppose -2*u = -6 - 4. Suppose -k + 6*k - 4*p = 52, 2*k + u*p - 34 = 0. List the prime factors of k.
2, 3
Suppose x = -4*a - 1 + 12, 8 = 4*a. Suppose -r + 28 = 4*p + x*r, 3*p = 3*r + 9. What are the prime factors of p?
5
Suppose -2*h + 35 = -23. List the prime factors of h.
29
Let j(z) be the first derivative of z**3/3 - z**2/2 + 5*z - 2. List the prime factors of j(5).
5
Let l(u) = u**2 + 14*u + 12. Let w(y) = 2*y**2 + 29*y + 24. Let d(i) = -7*l(i) + 3*w(i). List the prime factors of d(-8).
2, 3
Let i = -6 - -2. Let o = i + 27. Let k = 32 - o. List the prime factors of k.
3
Let m = 33 - -21. Suppose 2*r = m + 36. Suppose 3*g = -2*g + r. What are the prime factors of g?
3
Suppose 0 = 5*o - 8*o + 255. Suppose -5*c + 15 + o = 0. What are the prime factors of c?
2, 5
Let c be (1 + 0 - 2)*-4. Suppose 0 = -0*s - 3*s + 3*v + 42, -5*s - c*v = -61. List the prime factors of s.
13
Suppose -3*c = -4*j + 118, -56 = j - 3*j + 3*c. What are the prime factors of j?
31
Let d(y) = -2*y + 6. Let w(m) = m**3 - 8*m**2 + 5. Let c be w(8). Let t(u) = 2*u - 7. Let k(f) = c*t(f) + 6*d(f). What are the prime factors of k(-1)?
3
Suppose -y = 4*v - 806, 2*v - y - 321 = 79. What are the prime factors of v?
3, 67
Let w(c) = c**3 - 4*c**2 - 6*c + 2. What are the prime factors of w(6)?
2, 19
Suppose -3*i + 17 = 2*n, -i - 3*n - n = -9. List the prime factors of i.
5
Let s(n) = -13*n - 13. List the prime factors of s(-6).
5, 13
Suppose -4*t = 2*k - 26, 8*t = 4*t + 20. Suppose k*n + 9 = 3*q, -4*q = -5*q + 2*n + 4. Suppose -4*l = -q*l - 10. What are the prime factors of l?
5
What are the prime factors of 32 - (-4 - (-6)/3)?
2, 17
Let t(a) = 3*a**3 - 2*a**2 + 2*a. List the prime factors of t(2).
2, 5
Let j(d) = d. Let h(p) = 4*p**2 - 4*p + 1. Let t(z) = -h(z) - 2*j(z). Let g be t(1). List the prime factors of g*(0 + -2 + 1).
3
Suppose 0 = -14*b + 9*b + 695. List the prime factors of b.
139
Let c = -41 + 22. Let k = 13 + c. What are the prime factors of (-8 + 0)*k/4?
2, 3
Suppose 0 = 4*c - 8. Let z be -25*2*1/c. What are the prime factors of z*(1 - (-21)/(-15))?
2, 5
Suppose -5*o - 4*u - 155 = -596, -5*u + 20 = 0. Suppose 9*x - o = 4*x. What are the prime factors of x?
17
Suppose 3*j = -3*y + 60, -4*y + 81 = 5*j - 0*j. Suppose 0 = 4*n - 9 - y. List the prime factors of n.
7
Let p = -1 - -1. Suppose -2*w - j = -w - 2, 5*w - 4*j = 19. Suppose 2*b + w*b - t - 45 = 0, p = -5*b - t + 35. List the prime factors of b.
2
Suppose -5*z + 2*z + 13 = -f, 5*f = -z - 17. What are the prime factors of ((-14)/f)/((-1)/(-10))?
5, 7
Let u = -8 - -13. Suppose -u*c = 2*a - 20, 5 + 0 = 3*a - 5*c. What are the prime factors of a?
5
Let b = 367 + -131. List the prime factors of b.
2, 59
Let z(c) = -5*c**3. Let g be z(-1). Suppose 3*r + 0*r = 4*x - g, -3*x + 4*r = -2. List the prime factors of (3/6)/(x/12).
3
Let w = -2 - -6. List the prime factors of -4*(-1)/2*w.
2
Suppose 9*c = 4*c, 42 = 2*b - c. List the prime factors of b.
3, 7
Let w(z) = -2*z. Let j be w(-2). Suppose 4*d + 2*l - 7 = 29, 4*d + j*l - 32 = 0. What are the prime factors of d?
2, 5
Let d = 106 - 156. Let t = 91 + d. What are the prime factors of t?
41
Suppose -3*l + 4*l = -1, -23 = -5*z + 3*l. Suppose -2*f - 128 = -z*c, -2*c - f = -25 - 43. List the prime factors of c.
3, 11
Let d = -1 - -6. Suppose -3*m + 157 = d*h, h - 66 = -h - 2*m. List the prime factors of h.
29
Let m(d) = -123*d - 1. List the prime factors of m(-1).
2, 61
Let j be 0 - 34*(0 - 1). Suppose j - 14 = 4*i. What are the prime factors of i?
5
Suppose 2*p - 3*k - 2*k = 10, 3*p - 15 = 4*k. Suppose -4*a + p*v = 7 - 61, 3*a = 4*v + 40. What are the prime factors of a?
2
Suppose -4*s = x, -4*x - 12 = -2*x + 4*s. Let q(a) = 2*a + 2. Let i be q(3). What are the prime factors of ((-27)/x)/(2/i)?
3
Suppose -5*f + 427 = 67. What are the prime factors of f?
2, 3
Suppose c - 114 = -5*x, 0 = -4*c + 5*x + 225 + 306. What are the prime factors of c?
3, 43
Suppose -u + 3*x + 12 = 2*u, -3*x = 2*u + 2. Suppose -u*z + 0*z + 68 = 0. Let h = z - 21. List the prime factors of h.
13
Suppose 4*b + 32 = 2*n, n - 5*b = 3*n + 4. List the prime factors of n.
2
Suppose -3*x - 18 = 2*a - 97, 125 = 4*a - 5*x. What are the prime factors of a?
5, 7
Suppose d + 4*d - 270 = 0. Let z = d + -37. Let b = z - 10. What are the prime factors of b?
7
Let f(r) = 1. Let i(v) = v**2 + 5*v. Let x(n) = 3*f(n) - i(n). What are the prime factors of x(-5)?
3
Let f be (-2)/((-2)/3*-1). Let b = f - -10. Suppose -2*p = -b*p + 20. List the prime factors of p.
2
Let l(c) be the second derivative of -c**5/60 - c**4/4 + 5*c**3/6 - c**2/2 - c. Let q(x) be the first derivative of l(x). What are the prime factors of q(-5)?
2, 5
Suppose -9*b = -8*b - 25. What are the prime factors of b?
5
Let b be (-10)/(-55) + 2/(-11). Suppose -3*i = 5*n - 44, i + 4 = n - b*i. List the prime factors of n.
7
Let k = -228 + 323. What are the prime factors of k?
5, 19
Suppose 2*m = -31 - 9. Let r = 26 + m. List the prime factors of r.
2, 3
Let n = -111 - -293. List the prime factors of n.
2, 7, 13
Let v(k) = 159*k**2 - k - 2. List the prime factors of v(1).
2, 3, 13
Suppose 5*l - 369 = -134. What are the prime factors of l?
47
Suppose 4*r = 3*t + 128, 0*t = -t + r - 43. What are the prime factors of (2 + -5)/12*t?
11
Suppose -32 = -2*z + 36. List the prime factors of z.
2, 17
Let j = -73 + 110. What are the prime factors of j?
37
Let k = 18 - 16. Suppose k*j = -j + a + 61, a - 27 = -j. List the prime factors of j.
2, 11
Suppose -4*w + 3*j + 855 = 0, 4 = -5*j - 1. List the prime factors of w.
3, 71
List the prime factors of 49 - 3 - (-1 - -3).
2, 11
Let h = -51 + 27. List the prime factors of 5 - 2 - (h + -6).
3, 11
Let z = -24 - -99. Let t = z - 49. Let n = t + -16. List the prime factors of n.
2, 5
Let b(l) = l**3 - 4*l**2 + 4*l + 1. Let r be b(3). Suppose 2*m = -2*m - 3*f + 17, r*m - 57 = 5*f. What are the prime factors of m?
2
Let o = 151 - 34. List the prime factors of o.
3, 13
Let k = -16 - -61. List the prime factors of k.
3, 5
Let a(p) = 2*p**2 + 5*p + 4. Let u be a(-2). Suppose 5*s = -2*l + 51, l - u*l = -5*s - 33. What are the prime factors of l?
2, 7
Let d = -45 - -77. List the prime factors of d.
2
Suppose 4*b - 361 = 11. What are the prime factors of b?
3, 31
What are the prime factors of 5/(-4)*(10 + -54)?
5, 11
Suppose 3*v - 2*v = 0. Let f = 3 - v. What are the prime factors of f?
3
Let f = -5 + 5. Suppose 45 = 2*p - p - 3*b, f = -4*p + 4*b + 172. Suppose 3*k - p = -0*k. What are the prime factors of k?
2, 7
Let o(r) = r**2 - 7*r + 7. Let d = 5 + 0. Let c(f) = -f**2 + 5*f + 7. Let z be c(d). What are the prime factors of o(z)?
7
Suppose 0 = 3*j - 12, 7*j - 3*j - 82 = -3*p. Suppose 2*z = 2*f - p, 5*f - 34 = -0*z - 2*z. Let m = f - 3. What are the prime factors of m?
5
Suppose 5*z + 30 = -4*g, 0*g = -g - 3*z - 11. Let n = g + 7. What are the prime factors of n?
2
Suppose -3*p - 178 = -p. Let y = p - -154. What are the prime factors of y/7 + (-2)/7?
3
Suppose -r - 13 = 5*d, 4*d + 4 = -4*r - 0*d. Suppose 3*p - 2*t = 58, p + r*p - t = 53. List the prime factors of p.
2
Suppose -4*q + q = -12. List the prime factors of q/(-6)*(-216)/16.
3
Let b(z) = -z**3 - 3*z**2 - 2*z + 2. Suppose -q - 3*o = -23, -21 + 6 = -3*o. Suppose -3*w - w - q = 0. What are the prime factors of b(w)?
2
Suppose 0 =